{"id":16,"date":"2022-02-16T16:34:22","date_gmt":"2022-02-16T15:34:22","guid":{"rendered":"https:\/\/www.unimog437.de\/?page_id=16"},"modified":"2022-07-07T21:39:19","modified_gmt":"2022-07-07T19:39:19","slug":"start-home","status":"publish","type":"page","link":"https:\/\/unimog437.de\/","title":{"rendered":"Start Home"},"content":{"rendered":"\n<h2 class=\"wp-block-heading\" id=\"unimog-baureihe-437-der-u1800\"><strong>Mercedes Benz Unimog U 1800 aus der 437er Baureihe\u00a0<\/strong><\/h2>\n\n\n\n<div class=\"wp-block-group\"><div class=\"wp-block-group__inner-container is-layout-flow wp-block-group-is-layout-flow\">\n<div class=\"wp-block-columns are-vertically-aligned-center is-layout-flex wp-container-core-columns-is-layout-9d6595d7 wp-block-columns-is-layout-flex\">\n<div class=\"wp-block-column is-vertically-aligned-center is-layout-flow wp-block-column-is-layout-flow\" style=\"flex-basis:100%\">\n<figure class=\"wp-block-gallery has-nested-images columns-default is-cropped wp-block-gallery-1 is-layout-flex wp-block-gallery-is-layout-flex\">\n<figure class=\"wp-block-image size-large\"><img loading=\"lazy\" decoding=\"async\" width=\"768\" height=\"1024\" data-id=\"195\" src=\"https:\/\/www.unimog437.de\/wp-content\/uploads\/2022\/07\/IMG_0174-3-768x1024.jpg\" alt=\"\" class=\"wp-image-195\" srcset=\"https:\/\/unimog437.de\/wp-content\/uploads\/2022\/07\/IMG_0174-3-768x1024.jpg 768w, https:\/\/unimog437.de\/wp-content\/uploads\/2022\/07\/IMG_0174-3-225x300.jpg 225w, https:\/\/unimog437.de\/wp-content\/uploads\/2022\/07\/IMG_0174-3-1152x1536.jpg 1152w, https:\/\/unimog437.de\/wp-content\/uploads\/2022\/07\/IMG_0174-3-1536x2048.jpg 1536w, https:\/\/unimog437.de\/wp-content\/uploads\/2022\/07\/IMG_0174-3-scaled.jpg 1920w\" sizes=\"auto, (max-width: 768px) 100vw, 768px\" \/><\/figure>\n\n\n\n<figure class=\"wp-block-image size-large\"><img loading=\"lazy\" decoding=\"async\" width=\"768\" height=\"1024\" data-id=\"197\" src=\"https:\/\/www.unimog437.de\/wp-content\/uploads\/2022\/07\/IMG_0159-2-768x1024.jpg\" alt=\"\" class=\"wp-image-197\" srcset=\"https:\/\/unimog437.de\/wp-content\/uploads\/2022\/07\/IMG_0159-2-768x1024.jpg 768w, https:\/\/unimog437.de\/wp-content\/uploads\/2022\/07\/IMG_0159-2-225x300.jpg 225w, https:\/\/unimog437.de\/wp-content\/uploads\/2022\/07\/IMG_0159-2-1152x1536.jpg 1152w, https:\/\/unimog437.de\/wp-content\/uploads\/2022\/07\/IMG_0159-2-1536x2048.jpg 1536w, https:\/\/unimog437.de\/wp-content\/uploads\/2022\/07\/IMG_0159-2-scaled.jpg 1920w\" sizes=\"auto, (max-width: 768px) 100vw, 768px\" \/><\/figure>\n<\/figure>\n<\/div>\n<\/div>\n<\/div><\/div>\n\n\n<p><span style=\"font-weight: 400;\">Dieser Unimog wurde nur 57x auf der Welt gebaut und wurde eineinhalb Jahre bei einem autorisierten Mercedes-Benz-Unimog Servicepartner im Harz (Nutzfahrzeuge Hasselfelde) komplett restauriert. Nur f\u00fcr die Restauration und Neuteile wurden 135.500,-\u20ac investiert. Genau 41 Seiten an Rechnungen (23 Rechnungen) aus dem Jahr 2021 und 2022 werden dem K\u00e4ufer mit \u00fcbergeben.(Garantie)<\/span><\/p>\n<p><strong>Hier einige Highlights:\u00a0<\/strong><\/p>\n<ul>\n<li style=\"font-weight: 400;\" aria-level=\"1\"><span style=\"font-weight: 400;\">Frontkraftheber und Frontzapfwelle<\/span><\/li>\n<li style=\"font-weight: 400;\" aria-level=\"1\"><span style=\"font-weight: 400;\">Heckkraftheber und Heckzapfwelle<\/span><\/li>\n<li style=\"font-weight: 400;\" aria-level=\"1\"><span style=\"font-weight: 400;\">Klimaanlage im Motorraum unsichtbar verbaut<\/span><\/li>\n<li style=\"font-weight: 400;\" aria-level=\"1\"><span style=\"font-weight: 400;\">hohes Fahrerhaus mit Doppelsitzbank<\/span><\/li>\n<li style=\"font-weight: 400;\" aria-level=\"1\"><span style=\"font-weight: 400;\">Mog in in Obsidianschwarz-Metallic in PKW-Qualit\u00e4t lackiert auch Armarturenbrett<\/span><\/li>\n<li style=\"font-weight: 400;\" aria-level=\"1\"><span style=\"font-weight: 400;\">Komplett neuer Motor mit z.Z. 29 Stunden auch mit Getriebe lackiert,<\/span><\/li>\n<li style=\"font-weight: 400;\" aria-level=\"1\"><span style=\"font-weight: 400;\">Der OM 366 LA ist bei Tuningfirma Hellgeth auf 240 PS eingestellt<\/span><\/li>\n<li style=\"font-weight: 400;\" aria-level=\"1\"><span style=\"font-weight: 400;\">Michelin in 495 \/ 70 R24 auf die begehrte 16 x 24 10-Lochfelge von S\u00fcdrad<\/span><\/li>\n<li style=\"font-weight: 400;\" aria-level=\"1\"><span style=\"font-weight: 400;\">komplette Agrar-Kipper-Pritsche mit Arnold Schwarzenegger-Sturz-B\u00fcgel<\/span><\/li>\n<li style=\"font-weight: 400;\" aria-level=\"1\"><span style=\"font-weight: 400;\">LED Beleuchtung als Fahrscheinwerfer, 6 x Hella LED Arbeitsscheinwerfer<\/span><\/li>\n<li style=\"font-weight: 400;\" aria-level=\"1\"><span style=\"font-weight: 400;\">Mog l\u00e4uft 95 kmh und ist z.Z. elektronisch als LOF Zugmaschine auf 60 kmh gedrosselt.<\/span><\/li>\n<\/ul>\n<p><span style=\"font-weight: 400;\">Das dieses FZ in diesem edlen neuwertigen Zustand eine absolute Rarit\u00e4t ist, brauche ich wohl den Unimog Freunden und Sammlern nicht erz\u00e4hlen.<\/span><\/p>\n<p><span style=\"font-weight: 400;\">\u00dcber die Restauration gibt es Hunderte an Fotos und Videos die Sie sich gern auf meiner Homepage unter <\/span><a href=\"https:\/\/www.unimog437.de\"><span style=\"font-weight: 400;\">www.unimog437.de<\/span><\/a><span style=\"font-weight: 400;\"> anschauen k\u00f6nnen.<\/span><\/p>\n<p><span style=\"font-weight: 400;\">Der Mog feiert im Nov. diesen Jahres sein 30 Geburtstag. Daf\u00fcr sind alle Originalteile vorhanden und nat\u00fcrlich auch restauriert und bereits an das Chassis angepasst und m\u00fcssen zum H-Gutachten nur an\/umgebaut werden. Ich rede hier von den Scheinwerfern und der Motorhaube mit Grill. Somit steht dem H-Gutachten nichts im Wege.<\/span><\/p>\n<p><span style=\"font-weight: 400;\">Alle Papiere wie Briefe und die sehr seltene \u201cGeburtsurkunde\u201d des Mogs ist vorhanden.<\/span><\/p>\n<p><span style=\"font-weight: 400;\">Wer Interesse hat dieses Schmuckst\u00fcck zu erwerben schreibt mir eine kurze Mail an\u00a0<\/span><\/p>\n<p><span style=\"font-weight: 400;\">1800@unimog437.de<\/span><\/p>","protected":false},"excerpt":{"rendered":"<p>Mercedes Benz Unimog U 1800 aus der 437er Baureihe\u00a0 Dieser Unimog wurde nur 57x auf der Welt gebaut und wurde eineinhalb Jahre bei einem autorisierten Mercedes-Benz-Unimog Servicepartner im Harz (Nutzfahrzeuge Hasselfelde) komplett restauriert. Nur f\u00fcr die Restauration und Neuteile wurden 135.500,-\u20ac investiert. Genau 41 Seiten an Rechnungen (23 Rechnungen) aus dem Jahr 2021 und 2022 [&hellip;]<\/p>\n","protected":false},"author":2,"featured_media":0,"parent":0,"menu_order":0,"comment_status":"closed","ping_status":"closed","template":"","meta":{"footnotes":""},"class_list":["post-16","page","type-page","status-publish","hentry"],"_links":{"self":[{"href":"https:\/\/unimog437.de\/index.php?rest_route=\/wp\/v2\/pages\/16","targetHints":{"allow":["GET"]}}],"collection":[{"href":"https:\/\/unimog437.de\/index.php?rest_route=\/wp\/v2\/pages"}],"about":[{"href":"https:\/\/unimog437.de\/index.php?rest_route=\/wp\/v2\/types\/page"}],"author":[{"embeddable":true,"href":"https:\/\/unimog437.de\/index.php?rest_route=\/wp\/v2\/users\/2"}],"replies":[{"embeddable":true,"href":"https:\/\/unimog437.de\/index.php?rest_route=%2Fwp%2Fv2%2Fcomments&post=16"}],"version-history":[{"count":11,"href":"https:\/\/unimog437.de\/index.php?rest_route=\/wp\/v2\/pages\/16\/revisions"}],"predecessor-version":[{"id":199,"href":"https:\/\/unimog437.de\/index.php?rest_route=\/wp\/v2\/pages\/16\/revisions\/199"}],"wp:attachment":[{"href":"https:\/\/unimog437.de\/index.php?rest_route=%2Fwp%2Fv2%2Fmedia&parent=16"}],"curies":[{"name":"wp","href":"https:\/\/api.w.org\/{rel}","templated":true}]}}